{"id":9,"date":"2013-02-21T13:48:24","date_gmt":"2013-02-21T11:48:24","guid":{"rendered":"http:\/\/www.ferienwohnung-wrede.de\/?page_id=9"},"modified":"2023-02-09T23:52:03","modified_gmt":"2023-02-09T21:52:03","slug":"wohnzimmer","status":"publish","type":"page","link":"https:\/\/www.ferienwohnung-wrede.de\/?page_id=9","title":{"rendered":"Wohnzimmer"},"content":{"rendered":"\t\t<div data-elementor-type=\"wp-page\" data-elementor-id=\"9\" class=\"elementor elementor-9\">\n\t\t\t\t\t\t\t\t\t<section class=\"elementor-section elementor-top-section elementor-element elementor-element-6f0f5e9 elementor-section-boxed elementor-section-height-default elementor-section-height-default\" data-id=\"6f0f5e9\" data-element_type=\"section\">\n\t\t\t\t\t\t<div class=\"elementor-container elementor-column-gap-default\">\n\t\t\t\t\t<div class=\"elementor-column elementor-col-100 elementor-top-column elementor-element elementor-element-850265d\" data-id=\"850265d\" data-element_type=\"column\">\n\t\t\t<div class=\"elementor-widget-wrap elementor-element-populated\">\n\t\t\t\t\t\t\t\t<div class=\"elementor-element elementor-element-8699e4d elementor-widget elementor-widget-text-editor\" data-id=\"8699e4d\" data-element_type=\"widget\" data-widget_type=\"text-editor.default\">\n\t\t\t\t<div class=\"elementor-widget-container\">\n\t\t\t<style>\/*! elementor - v3.11.2 - 22-02-2023 *\/\n.elementor-widget-text-editor.elementor-drop-cap-view-stacked .elementor-drop-cap{background-color:#818a91;color:#fff}.elementor-widget-text-editor.elementor-drop-cap-view-framed .elementor-drop-cap{color:#818a91;border:3px solid;background-color:transparent}.elementor-widget-text-editor:not(.elementor-drop-cap-view-default) .elementor-drop-cap{margin-top:8px}.elementor-widget-text-editor:not(.elementor-drop-cap-view-default) .elementor-drop-cap-letter{width:1em;height:1em}.elementor-widget-text-editor .elementor-drop-cap{float:left;text-align:center;line-height:1;font-size:50px}.elementor-widget-text-editor .elementor-drop-cap-letter{display:inline-block}<\/style>\t\t\t\t<p><strong>Das gro\u00dfe Wohnzimmer mit Terrassenzugang verf\u00fcgt \u00fcber einen Kachelofen, f\u00fcr den wir Ihnen kostenlos Holz zur Verf\u00fcgung stellen.<\/strong><\/p><p><strong>\u00a0<\/strong><\/p><p><!-- index.php -->\n<div\n\tclass=\"ngg-galleryoverview ngg-ajax-pagination-none\"\n\tid=\"ngg-gallery-b7cc4527865a0399371a62bfc144620a-1\">\n\n    \t<div class=\"slideshowlink\">\n        <a href='https:\/\/www.ferienwohnung-wrede.de\/index.php\/nggallery\/slideshow?page_id=9'>[Show as slideshow]<\/a>\n\t\t\n\t<\/div>\n\t\t\t<!-- Thumbnails -->\n\t\t\t\t<div id=\"ngg-image-0\" class=\"ngg-gallery-thumbnail-box\" >\n\t\t\t\t        <div class=\"ngg-gallery-thumbnail\">\n            <a href=\"https:\/\/www.ferienwohnung-wrede.de\/wp-content\/gallery\/wohnzimmer\/Ferienwohnung-Wrede-32.jpg\"\n               title=\"\"\n               data-src=\"https:\/\/www.ferienwohnung-wrede.de\/wp-content\/gallery\/wohnzimmer\/Ferienwohnung-Wrede-32.jpg\"\n               data-thumbnail=\"https:\/\/www.ferienwohnung-wrede.de\/wp-content\/gallery\/wohnzimmer\/thumbs\/thumbs_Ferienwohnung-Wrede-32.jpg\"\n               data-image-id=\"62\"\n               data-title=\"Ferienwohnung-Wrede-32\"\n               data-description=\"\"\n               data-image-slug=\"ferienwohnung-wrede-32-2\"\n               class=\"shutterset_b7cc4527865a0399371a62bfc144620a\">\n                <img loading=\"lazy\" decoding=\"async\"\n                    title=\"Ferienwohnung-Wrede-32\"\n                    alt=\"Ferienwohnung-Wrede-32\"\n                    src=\"https:\/\/www.ferienwohnung-wrede.de\/wp-content\/gallery\/wohnzimmer\/thumbs\/thumbs_Ferienwohnung-Wrede-32.jpg\"\n                    width=\"100\"\n                    height=\"75\"\n                    style=\"max-width:100%;\"\n                \/>\n            <\/a>\n        <\/div>\n\t\t\t\t\t\t\t<\/div> \n\t\t\t\n        \n\t\t\t\t<div id=\"ngg-image-1\" class=\"ngg-gallery-thumbnail-box\" >\n\t\t\t\t        <div class=\"ngg-gallery-thumbnail\">\n            <a href=\"https:\/\/www.ferienwohnung-wrede.de\/wp-content\/gallery\/wohnzimmer\/Ferienwohnung-Wrede-39.jpg\"\n               title=\"\"\n               data-src=\"https:\/\/www.ferienwohnung-wrede.de\/wp-content\/gallery\/wohnzimmer\/Ferienwohnung-Wrede-39.jpg\"\n               data-thumbnail=\"https:\/\/www.ferienwohnung-wrede.de\/wp-content\/gallery\/wohnzimmer\/thumbs\/thumbs_Ferienwohnung-Wrede-39.jpg\"\n               data-image-id=\"63\"\n               data-title=\"Ferienwohnung-Wrede-39\"\n               data-description=\"\"\n               data-image-slug=\"ferienwohnung-wrede-39-2\"\n               class=\"shutterset_b7cc4527865a0399371a62bfc144620a\">\n                <img loading=\"lazy\" decoding=\"async\"\n                    title=\"Ferienwohnung-Wrede-39\"\n                    alt=\"Ferienwohnung-Wrede-39\"\n                    src=\"https:\/\/www.ferienwohnung-wrede.de\/wp-content\/gallery\/wohnzimmer\/thumbs\/thumbs_Ferienwohnung-Wrede-39.jpg\"\n                    width=\"100\"\n                    height=\"75\"\n                    style=\"max-width:100%;\"\n                \/>\n            <\/a>\n        <\/div>\n\t\t\t\t\t\t\t<\/div> \n\t\t\t\n        \n\t\t\t\t<div id=\"ngg-image-2\" class=\"ngg-gallery-thumbnail-box\" >\n\t\t\t\t        <div class=\"ngg-gallery-thumbnail\">\n            <a href=\"https:\/\/www.ferienwohnung-wrede.de\/wp-content\/gallery\/wohnzimmer\/Ferienwohnung-Wrede-34.jpg\"\n               title=\"\"\n               data-src=\"https:\/\/www.ferienwohnung-wrede.de\/wp-content\/gallery\/wohnzimmer\/Ferienwohnung-Wrede-34.jpg\"\n               data-thumbnail=\"https:\/\/www.ferienwohnung-wrede.de\/wp-content\/gallery\/wohnzimmer\/thumbs\/thumbs_Ferienwohnung-Wrede-34.jpg\"\n               data-image-id=\"64\"\n               data-title=\"Ferienwohnung-Wrede-34\"\n               data-description=\"\"\n               data-image-slug=\"ferienwohnung-wrede-34-2\"\n               class=\"shutterset_b7cc4527865a0399371a62bfc144620a\">\n                <img loading=\"lazy\" decoding=\"async\"\n                    title=\"Ferienwohnung-Wrede-34\"\n                    alt=\"Ferienwohnung-Wrede-34\"\n                    src=\"https:\/\/www.ferienwohnung-wrede.de\/wp-content\/gallery\/wohnzimmer\/thumbs\/thumbs_Ferienwohnung-Wrede-34.jpg\"\n                    width=\"100\"\n                    height=\"75\"\n                    style=\"max-width:100%;\"\n                \/>\n            <\/a>\n        <\/div>\n\t\t\t\t\t\t\t<\/div> \n\t\t\t\n        \n\t\t\n\t\t<!-- Pagination -->\n\t<div class='ngg-clear'><\/div>\t<\/div>\n<\/p>\t\t\t\t\t\t<\/div>\n\t\t\t\t<\/div>\n\t\t\t\t\t<\/div>\n\t\t<\/div>\n\t\t\t\t\t\t\t<\/div>\n\t\t<\/section>\n\t\t\t\t<section class=\"elementor-section elementor-top-section elementor-element elementor-element-0319958 elementor-section-boxed elementor-section-height-default elementor-section-height-default\" data-id=\"0319958\" data-element_type=\"section\">\n\t\t\t\t\t\t<div class=\"elementor-container elementor-column-gap-default\">\n\t\t\t\t\t<div class=\"elementor-column elementor-col-50 elementor-top-column elementor-element elementor-element-69edc7d\" data-id=\"69edc7d\" data-element_type=\"column\">\n\t\t\t<div class=\"elementor-widget-wrap\">\n\t\t\t\t\t\t\t\t\t<\/div>\n\t\t<\/div>\n\t\t\t\t<div class=\"elementor-column elementor-col-50 elementor-top-column elementor-element elementor-element-89b70ed\" data-id=\"89b70ed\" data-element_type=\"column\">\n\t\t\t<div class=\"elementor-widget-wrap\">\n\t\t\t\t\t\t\t\t\t<\/div>\n\t\t<\/div>\n\t\t\t\t\t\t\t<\/div>\n\t\t<\/section>\n\t\t\t\t\t\t\t<\/div>\n\t\t","protected":false},"excerpt":{"rendered":"<p>Das gro\u00dfe Wohnzimmer mit Terrassenzugang verf\u00fcgt \u00fcber einen Kachelofen, f\u00fcr den wir Ihnen kostenlos Holz zur Verf\u00fcgung stellen. \u00a0<\/p>\n","protected":false},"author":1,"featured_media":0,"parent":0,"menu_order":0,"comment_status":"closed","ping_status":"closed","template":"","meta":{"ngg_post_thumbnail":0,"footnotes":""},"class_list":["post-9","page","type-page","status-publish","hentry","entry"],"_links":{"self":[{"href":"https:\/\/www.ferienwohnung-wrede.de\/index.php?rest_route=\/wp\/v2\/pages\/9","targetHints":{"allow":["GET"]}}],"collection":[{"href":"https:\/\/www.ferienwohnung-wrede.de\/index.php?rest_route=\/wp\/v2\/pages"}],"about":[{"href":"https:\/\/www.ferienwohnung-wrede.de\/index.php?rest_route=\/wp\/v2\/types\/page"}],"author":[{"embeddable":true,"href":"https:\/\/www.ferienwohnung-wrede.de\/index.php?rest_route=\/wp\/v2\/users\/1"}],"replies":[{"embeddable":true,"href":"https:\/\/www.ferienwohnung-wrede.de\/index.php?rest_route=%2Fwp%2Fv2%2Fcomments&post=9"}],"version-history":[{"count":17,"href":"https:\/\/www.ferienwohnung-wrede.de\/index.php?rest_route=\/wp\/v2\/pages\/9\/revisions"}],"predecessor-version":[{"id":677,"href":"https:\/\/www.ferienwohnung-wrede.de\/index.php?rest_route=\/wp\/v2\/pages\/9\/revisions\/677"}],"wp:attachment":[{"href":"https:\/\/www.ferienwohnung-wrede.de\/index.php?rest_route=%2Fwp%2Fv2%2Fmedia&parent=9"}],"curies":[{"name":"wp","href":"https:\/\/api.w.org\/{rel}","templated":true}]}}